= -3*x - 3*o - 3, -4*x + 5*o = 26. What is z(x)?
8
Suppose 4*h - 19 = -b + 5, -17 = 2*b - 5*h. Let r(d) = -d**3 + 4*d**2 - 3*d + 5. Calculate r(b).
-7
Let o(k) = -9*k**3 - k**2 - 2*k. Let i be o(2). Let v be i/(-15) - (-8)/(-6). Let g(x) = -3*x**2 - 2*x**3 + x**3 + v*x + 3 - 5*x + 5*x. What is g(-4)?
3
Let d(n) = n. Let j(a) = -8*a. Let u(o) = 28*d(o) + 4*j(o). Suppose -f = x + 2 - 1, 0 = 3*x - 5*f + 3. Let l be u(x). Let s(g) = 2*g - 2. Give s(l).
6
Suppose 0 = 3*v + 5*w + 64, 0 = -12*v + 11*v + 4*w + 7. Let n(s) = s**2 + 13*s + 9. Determine n(v).
9
Let i(j) = 1 - 1 + 6*j + 101*j**2 - 100*j**2. Let y = -65 - -59. What is i(y)?
0
Let p(j) = j**2 + 2*j - 2. Suppose 0 = 5*y - 8 - 7. Suppose h - y = -1. Let g = -5 + h. Give p(g).
1
Suppose o + 25 = 3*t, 0*o + 2*o - 4*t = -40. Let s be (54/(-45))/(3/o). Let y(f) = -227*f**3 - 5*f**2 + 19*f - 14*f - 3 + 228*f**3. Determine y(s).
1
Let t(u) = -u - 1. Let k(x) = x**3 + 8*x**2 - 19*x + 5. Let p(z) = -k(z) - t(z). Let n be p(-10). Let v(b) = -b - 2. Determine v(n).
2
Suppose -2*v + 0*v + 70 = -a, -2*a = 2*v - 82. Let f = v - 38. Let k(p) = 5*p**3 + p**2 - 1. What is k(f)?
-5
Suppose 0*r + 2*r = -d - 6, 4*d - 2*r = 26. Suppose -i = 3*o - 20, -2*i - 2 = -d*o + 8. Let l(x) = -5*x**2 - 3 - o*x + 8 + 6*x**2. Give l(5).
5
Let a(j) be the first derivative of -11 + j - 15/4*j**4 + 1/3*j**3 - 1/2*j**2. What is a(1)?
-14
Let q(b) = 247*b - 11. Let d(m) = 453*m - 21. Let j(a) = -6*d(a) + 11*q(a). Suppose -2 = 2*c - 4. Suppose 4*v + c = 17. Calculate j(v).
1
Let c(j) = -10*j - 13*j**2 + 1550 - 1540 - 6*j + j**2 + j**3. Calculate c(13).
-29
Let p(k) = -8*k - 6*k**2 + 26*k**2 - 19*k**2 - 5*k - 29. Determine p(15).
1
Let v(j) = j**3 + 33*j**2 + 33*j**2 + 4 + 6*j - 98*j**2 + 38*j**2. Give v(-5).
-1
Let v(a) = -2*a**2 + 32 - 17 + 7*a**2 - 12 - 4*a**2 + 6*a. Let s(y) = -y - 2. Let l be s(2). Give v(l).
-5
Let d(p) = -p**2 + p + 12 - 7 - 4. Let i(j) = 2*j**2 - 2*j - 8. Let y(c) = -3*d(c) - i(c). Let k(x) be the first derivative of y(x). Give k(-3).
-7
Let p be (-5)/((-2 + 1)/7). Let k = -33 + p. Suppose 3*h - h = -c + 5, 4*h = k*c + 14. Let g(b) = b**3 - 3*b**2 + 3*b - 3. Give g(h).
6
Let o(m) = m**2 - 5*m + 6. Let z(p) = p**3 + 9*p**2 - 23*p - 6. Let c(t) = -3*t + 46. Let f be c(19). Let b be z(f). Determine o(b).
6
Let n(l) = -2*l**2 + 4*l. Let u be (-10)/4*32/20. Let o = u + 7. Determine n(o).
-6
Suppose 4*x - 47 = 33. Suppose x - 5 = 5*v. Let y(h) = -h**3 + 3*h**2 + h + 4. Let l be y(v). Let p(j) = j**3 - 6*j**2 - 7*j - 9. Determine p(l).
-9
Let l(g) be the second derivative of g**4/12 + 4*g**3/3 + 3*g**2 + 20*g. What is l(-6)?
-6
Let d(l) = -l**2 - 5*l - 7. Suppose -4*c - 14 = -w - 1, 0 = c + w + 2. Suppose -3*g = 3*t + 6, -4*g - 2*t = -7*t + 8. Let y = c + g. Give d(y).
-7
Let v = 187 - 186. Let r(i) = -13*i**3 + i**2 - i + 1. Calculate r(v).
-12
Let b(n) = -n**3 + n**2 + 6*n + 3. Let t be b(-2). Suppose -5*s = t*x + x - 304, 152 = 2*x - 4*s. Let k(c) = c**2 - 7 + 48*c + 35*c - x*c. Give k(-7).
-7
Let r(l) = 7*l**2 + 7*l - 9. Let y be (-21*3/(-27))/((-1)/3). Let d(w) = -10*w**2 - 11*w + 13. Let o(v) = y*r(v) - 5*d(v). Let a = -19 - -13. Determine o(a).
-2
Suppose 57*x + 12 = 61*x. Let r(p) = -6*p + 3*p - x - 2. Calculate r(-4).
7
Let x(d) = 6*d + 77. Let i be x(-13). Let o(p) = 12*p**3 + 4*p**2 - 3*p + 5. Let g(t) = -11*t**3 - 3*t**2 + 2*t - 4. Let z(q) = 4*g(q) + 3*o(q). Determine z(i).
8
Let a(o) = 2*o**3 + 37*o**2 - 20*o - 18. Suppose 405 + 773 = -62*j. Give a(j).
1
Suppose 2*r + 32 - 7 = 3*w, -3*w = -5*r - 40. Suppose -5 = -w*b + 5. Suppose -7*o - 10 = -b*o. Let a(d) = 3*d - 1. What is a(o)?
-7
Let c(t) = -11*t**2 - 7*t - 79. Let a(m) = m + 13. Let x(i) = -6*a(i) - c(i). Give x(-1).
11
Let t(n) be the first derivative of -n**6/120 + n**5/20 + n**4/4 - n**3/3 - 14*n**2 - 16. Let f(j) be the second derivative of t(j). What is f(5)?
-22
Let n(s) = -s - 17. Suppose -2*l - 71*p + 72*p - 27 = 0, 3*p = -5*l - 51. Calculate n(l).
-5
Let g(j) = j**3 - 2*j + 0*j - 4*j**2 - 1 + 5*j. Let r be g(3). Let h(n) be the second derivative of 2*n**3/3 - n**2/2 + 931*n + 1. What is h(r)?
-5
Let c(w) be the first derivative of -w**4/6 + w**3/2 + 41*w**2/2 - 20. Let v(t) be the second derivative of c(t). Let d be (1 + 0)/(1/3). Determine v(d).
-9
Suppose 0 = -3*c + 2*c + 7. Let k(v) = 11*v**2 + 3*v - 11. Suppose 143 - 125 = -6*y. Let u(g) = 8*g**2 + 4*g - 10. Let t(q) = y*k(q) + 4*u(q). Calculate t(c).
-7
Let j(s) be the first derivative of -s**2/2 - 6*s + 2481. Suppose -4*l = 2*a - 2*l + 2, -5*l = 4*a. Determine j(a).
-1
Let z(l) be the first derivative of -l**3 - 1/2*l**2 + l - 1. Suppose 27*o = 9*o + 1334 - 1316. Give z(o).
-3
Let r(j) = j**2 + 5*j + 1. Let x be (-1 + (-6)/4)*-12. Suppose -45 = 4*q + 5*t, 8*t - 6*t + x = -4*q. Calculate r(q).
1
Let c(r) = -24*r**3 - r**2 + 2*r - 1. Suppose 0 = -37*y + 42*y - 5. Calculate c(y).
-24
Let a(i) = i**2 - 7*i + 5. Let f = 6 - 3. Suppose -f*x + 32 = 11. Let h be a(x). Let o(s) = -s**2 + 5*s + 1. Give o(h).
1
Let a(c) = c + 22. Suppose -5*q + 5*f = 4*f + 111, -93 = 4*q - 5*f. Let p = -33 - q. Determine a(p).
11
Let x(p) be the second derivative of p**5/20 + p**4/3 - p**3/2 - 2*p**2 + 38*p. Let q = 35 + -49. Let a be 60/(-14) + (-4)/q. What is x(a)?
8
Let y(j) be the second derivative of -j**3/6 + 35*j. What is y(2)?
-2
Let r(x) = -3*x - 9. Let z = 14 + -18. Let i be r(z). Let f(w) = 2*w + i*w + 17 - 4*w. What is f(0)?
17
Let q(r) be the third derivative of -r**4/8 + 5*r**3/2 + 2*r**2 - 93*r. What is q(8)?
-9
Let k(d) = -1 - 3 + 3 - d. Let n be 1/(1 + (-12)/16). Suppose 0 = -n*g + 9 - 5. Give k(g).
-2
Let i(h) = 2*h**2 + 9*h + 20. Let w be i(-3). Suppose j - 5*d + w = -3*d, 5*j = -2*d - 31. Let z(p) = 8*p**2 - 2*p**3 - 4 + 5*p + 3*p**3 + 0*p. What is z(j)?
10
Let g(n) = -7*n + 0*n**2 - 2*n**2 + 24*n + 15. Let w(a) = a**2 - 9*a - 8. Let z(p) = 6*g(p) + 11*w(p). What is z(4)?
-2
Let k(b) = b + 4. Let s(c) = -2*c**2 - 14*c - 25. Let r(w) = 4*k(w) + s(w). Calculate r(-6).
-21
Let o(f) be the third derivative of 1/6*f**3 + 0 + 0*f - 5*f**2 - 1/24*f**4. Determine o(0).
1
Let q be (0 - 1)/((-4)/16). Let d(y) = -1 - q*y - 4 - 1 + y. Let u(c) = -2*c - 7. Let i(m) = -3*d(m) + 4*u(m). Calculate i(6).
-4
Let w = 23 + -52. Let u(o) = -6*o - 29. Let z be u(-11). Let s = w + z. Let a(v) = 2*v - 8. Give a(s).
8
Suppose -9 = 4*l - 7*l. Let w(d) = -2*d - 6*d - 8*d**2 - 10 + d**l - 2*d**3. Let a = -9408 - -9401. What is w(a)?
-3
Let y(p) = 117 + 3*p - p**3 + 4*p**2 - 5*p - 67 - 56 + 2*p**3. Determine y(-4).
2
Let x(w) = w - w**2 + 29 + 19 + 3*w**3 - 72 + 0*w + 22. Suppose 3*p - 4 = 2. Give x(p).
20
Let b = 63 - 54. Let u(j) = b*j - 2*j + 6 - 6*j - 2*j. Determine u(8).
-2
Let d(q) be the first derivative of q**2/2 + 4. Let u be d(2). Let x(l) = 4 - l - l**3 + u*l + l**2 - 4*l**2. What is x(-3)?
1
Let r(v) = 5 - 74*v**3 - 80*v**3 - 5*v**2 + 153*v**3 + v + v**2. Suppose 3*x - 5*x - 8 = 0. Give r(x).
1
Let f be ((-64)/(-24))/((-8)/(-18)). Let n(v) = -21*v + 25. Let j(q) = 4*q - 5. Let x(o) = 11*j(o) + 2*n(o). Calculate x(f).
7
Let b(z) = z**3 - 5*z**2 + 4*z - 6. Suppose 21*k - 68 = 4*k. Determine b(k).
-6
Let x(n) be the third derivative of -n**8/20160 - n**7/5040 + n**6/720 - 3*n**5/10 - 15*n**2. Let r(t) be the third derivative of x(t). What is r(1)?
-1
Let y(j) be the first derivative of j**2/2 + 5*j - 12. Let n be ((-1)/2)/(124/(-32) + 4). Give y(n).
1
Let m(j) = j**2 + 15*j + 27. Let b be m(-10). Let z = b + 26. Let p(i) = 4 - 6*i - i + 5*i. Give p(z).
-2
Let m(a) = -a**2 - 8*a - 7. Let y be m(-7). Suppose -2*j + y = -2. Let v(q) = -4*q**3 - 2*q**2 + 2*q - 1. Calculate v(j).
-5
Let p be 3/(((-87)/10)/29). Let m(v) = -v**3 - 10*v**2 - 2*v - 15. Give m(p).
5
Let h(k) be the second derivative of k**3/6 + k**2/2 + 14*k - 2. Give h(0).
1
Let c(x) = -x**3 - 8*x**2 + 8*x - 22. Let h(z) = z**2 - 13*z - 39. Let u be h(15). Give c(u).
-13
Suppose -2*l + 4*l = 8. Suppose -o - l = o. Let p(z) = 2*z + 3. Let r(h) = 3*h + 2. Let m(f) = -2*p(f) + 3*r(f). Determine m(o).
-10
Let f(s) be the first derivative of 4*s**3/3 - s**2/2 - s + 4. Suppose 60 = u + 61. What is f(u)?
4
Let y be 1/3 + (-112)/(-6). Let x = y - 15. Let q(k) = 8*k - 2. Let v(o) = -3*o + 1. Let l(s) = -4*q(s) - 11*v(s). Give l(x).
1
Let p(b) be the thir